{"id":18,"date":"2018-01-17T16:33:43","date_gmt":"2018-01-17T15:33:43","guid":{"rendered":"http:\/\/evenkamp.web-emsland.de\/?page_id=18"},"modified":"2018-08-08T14:32:10","modified_gmt":"2018-08-08T12:32:10","slug":"unser-verein","status":"publish","type":"page","link":"https:\/\/www.sv-evenkamp.de\/?page_id=18","title":{"rendered":"Unser Verein"},"content":{"rendered":"<div id=\"pl-18\"  class=\"panel-layout\" ><div id=\"pg-18-0\"  class=\"panel-grid panel-no-style\" ><div id=\"pgc-18-0-0\"  class=\"panel-grid-cell\" ><div id=\"panel-18-0-0-0\" class=\"so-panel widget widget_sow-editor panel-first-child panel-last-child\" data-index=\"0\" ><div\n\t\t\t\n\t\t\tclass=\"so-widget-sow-editor so-widget-sow-editor-base\"\n\t\t\t\n\t\t>\n<div class=\"siteorigin-widget-tinymce textwidget\">\n\t<div class=\"item_header\">\n<h4 class=\"item_title\"><span style=\"color: #339966;\"><strong> <span class=\"item_title_part0\">Die<\/span> <span class=\"item_title_part1\">Vereinsgeschichte<\/span> <span class=\"item_title_part2\">des<\/span> <span class=\"item_title_part3\">SV<\/span> <span class=\"item_title_part4\">Evenkamp<\/span> <span class=\"item_title_part5\">von<\/span> <span class=\"item_title_part6\">1973<\/span> <span class=\"item_title_part7\">e.<\/span> <span class=\"item_title_part8\">V.<\/span><\/strong><\/span><\/h4>\n<p>V<span style=\"color: #333333; font-family: Tahoma, Helvetica, Arial, sans-serif; font-size: 12.16px; line-height: 1.3em;\">or meh<\/span><span style=\"color: #333333; font-family: Tahoma, Helvetica, Arial, sans-serif; font-size: 12.16px; line-height: 1.3em;\">r <\/span><span style=\"color: #333333; font-family: Tahoma, Helvetica, Arial, sans-serif; font-size: 12.16px; line-height: 1.3em;\">als 70 Anwesenden wurde a<\/span><span style=\"font-size: 12.16px; line-height: 1.3em;\">m 04. November 1973 im Saal Willen in Evenkamp der \"Sportvereins Evenkamp\" gegr\u00fcndet und <\/span><span style=\"color: #333333; font-family: Tahoma, Helvetica, Arial, sans-serif; font-size: 12.16px; line-height: 1.3em;\">der 1. Gesch\u00e4ftsf\u00fchrende Vorstand gew\u00e4hlt:<\/span><\/p>\n<p><strong>Gesch\u00e4ftsf\u00fchrender Vorstand:<\/strong><\/p>\n<p>1. Vorsitzender: Alwin Willen, Lewinghausen<br \/>2. Vorsitzender: Josef Thien, Evenkamp<br \/>Schriftf\u00fchrer: Gerd Schnieders, Helmighausen<br \/>Kassenwart: Egon Haustermann, Lewinghausen<\/p>\n<p><strong>Erweiterter Vorstand:\u00a0<\/strong><\/p>\n<p>Hans Fleming, D\u00fcenkamp<br \/>Dieter v.d. Beeke, Werwe<br \/>Rainer Bremersmann, Augustenfeld<br \/>Hermann Schulte, Ehren<\/p>\n<p>Am 15. April 1974 hatte der Verein die erste ordnungsgem\u00e4\u00dfe Generalversammlung in der Gastwirtschaft Otto L\u00fcbken, Helmighausen. Hierbei wurde diese Gastst\u00e4tte einstimmig zum Vereinslokal gew\u00e4hlt. Als erster Trainer in der Vereinsgeschichte wurde Alfred Hoffmeyer, L\u00f6ningen, verpflichtet. Der 1. Vorsitzende Alwin Willen gab auch die ersten zahlenden Mitglieder bekannt, es waren genau 69. F\u00fcr die Saison 74\/75 hatte man zwei Mannschaften angemeldet, eine 1. Herrenmannschaft und eine B-Jugend. Da aber ein eigener Platz noch nicht zur Verf\u00fcgung stand, wurden\u00a0die ersten Spiele auf dem Sportplatz in L\u00f6ningen auszutragen. Als Trainingsplatz stellte Alwin Willen seine Weide in Lewinghausen zur Verf\u00fcgung. Von den Spielern wurde sie \"Wildparkstadion\" genannt.<\/p>\n<p>F\u00fcr \u00dcberraschungen sorgten nach Ablauf der Spielzeit 74 \/ 75 gleich beide Mannschaften. Die 1. Herrenmannschaft schaffte nach Ablauf der Serie den zweiten Tabellenplatz und somit den direkten Aufstieg in die zweite Kreisklasse. Die B-Jugend unter dem Betreuer Josef Wichmann sogar Tabellenerster. F\u00fcr besondere Fairness auf dem Sportplart wurde die 1. Herrenmannschaft vom Kreissportbund mit dem Fairnesspreis ausgezeichnet.<\/p>\n<p>Da sich nach der ersten erfolgreichen Saison immer mehr Jugendspieler meldeten beschlo\u00df der Vorstand f\u00fcr die Saison 75 \/ 76 auch eine A-Jugend anzumelden, unter dem Betreuer Gustav Joppich. Im Jahre 1975 wurde von Pastor Ahrens der fertiggestellte Sportplatz eingeweiht, wozu zahlreiche G\u00e4ste erschienen waren. An diesem gro\u00dfen Tag veranstaltete der Sportverein auch ein gro\u00dfes Pokalturnier, mit einem Zwischenspiel der 1. Herrenmannschaft gegen den Bezirksligaverein VfL L\u00f6ningen, wobei der VfL mit 6:1 Toren gewann.<\/p>\n<p>Fu\u00dfballerisch war alles seht gut gelaufen, doch bei der Generalversammlung am 03. Oktober 1975 gab es eine gro\u00dfe Entt\u00e4uschung, denn der 1. Vorsitzende Alwin Willen wollte nicht mehr kandidieren. Somit wurde Gernd Schnieders einstimmig f\u00fcr dieses Amt gew\u00e4hlt. Alwin Willen blieb aber dem Verein als 2. Vorsitzender treu. Als Schriftf\u00fchrer wurde Josef Willen, L\u00f6ningen, gew\u00e4hlt und als Kassierer Franz M\u00f6ller, D\u00fcenkamp, f\u00fcr Egon Haustermann.<\/p>\n<p>Da sich der Sportverein im Laufe der Zeit spielerisch und sportlich einen guten Namen gemacht hatte, wurden die Mannschaften von anderen Vereinen zu Pokalturnieren eingeladen. Beim gro\u00dfen Jubil\u00e4umspokalturnier 1976 beim SC Winkum wurde die 1. Herrenmannschaft, unter dem neuen Trainer Heinz Telgen aus Borkhorn, sogar Pokalsieger. Ungeschlagen wurde die neugegr\u00fcndete A-Jugend unter Betruer Gustav Joppich klarer Meister und stieg somit in die Leistungsklasse auf. Zus\u00e4tzlich gab es erneut f\u00fcr die 1. Herrenmannschaft und die A-Jugend f\u00fcr besondere Fairness auf dem Sportplatz vom Kreissportbund den Fairnesspreis.<\/p>\n<p>F\u00fcr die Saison 76 \/ 77 wurde zus\u00e4tzlich eine C-Jugend angemeldet, somit verf\u00fcgte man \u00fcber der Verein schon \u00fcber 4 Mannschaften. Im August 1976 begann man mit dem Ausbau eines zweiten Sportplatzes. Doch bei der Generalversammlung k\u00fcndigte der 2. Vorsitzende und Mitbegr\u00fcnder Alwin Willen seinen R\u00fccktritt an, was f\u00fcr den Verein ein schwerer Verlust war. F\u00fcr dieses Amt w\u00e4hlte man Hans Fleming, D\u00fcenkamp. Nach der Saison 76\/77 konnte man sportlich sehr zufrieden sein, denn alle Mannschaften erreichten einen Platz im oberen Tabellendrittel. Doch f\u00fcr die Saison 77 \/ 78 musste man wegen Spielermangels die B-Jugend abmelden. Der H\u00f6hepunkt war die Eeinweihung des zweiten Sportplatzes im August 1977, wobei sich wieder zahlreiche Zuschauer eingefunden hatten. F\u00fcr Josef Willen wurde bei der Generalversammlung Klemens Wesselamann als Schriftf\u00fchrer neu gew\u00e4hlt.<\/p>\n<p>1978 musste der Verein zum ersten Mal eine sportliche Niederlage einstecken, denn die A-Jugend stieg von der Leistungsklasse in die Staffel ab. Dies war darauf zur\u00fcckzuf\u00fchren, dass man einige Leistungstr\u00e4ger an die erste Herrenmannschaft abgab. Im Dezember 1978 fand in der Gro\u00dfraumsporthalle L\u00f6ningen ein gro\u00dfes Hallenturnier statt. Unter der Betreuung von Gerd Feldhaus und Gerd Bremersmann schaffte es die erste Herrenmannschaft den begehrten Wanderpokal, gestiftet von der Gemeinde L\u00f6ningen, zu gewinnen. Dies war f\u00fcr Spieler und Betreuer ein gro\u00dfer Erfolg.<\/p>\n<figure class=\"pull-left\"><\/figure>\n<p><a href=\"https:\/\/www.sv-evenkamp.de\/wp-content\/uploads\/2018\/01\/pokalhalle.jpg\"><img loading=\"lazy\" decoding=\"async\" class=\"alignleft wp-image-808 size-thumbnail\" src=\"https:\/\/www.sv-evenkamp.de\/wp-content\/uploads\/2018\/01\/pokalhalle-150x150.jpg\" alt=\"\" width=\"150\" height=\"150\" \/><\/a>Bei einer Vorstandssitzung im Januar 1979 beschloss man, den allj\u00e4hrlichen Sportlerball nicht mehr zu veranstalten, da zuwenig Besucher kamen. Am 7. und 8. Juli 1979 fand das allj\u00e4hrliche Pokalturnier zum ersten Mal in eigener Regie statt. Es war zwar ein gewagtes Spiel, alles alleine zu betrieben, doch dank vielen freiwilligen Helfern gelang es reibungslos und finanziell war es f\u00fcr den Verein auch ein Plus.<\/p>\n<\/div>\n<div class=\"item_introtext\" style=\"text-align: center;\">\n<p style=\"text-align: left;\">\u00a0<\/p>\n<\/div>\n<\/div>\n<\/div><\/div><\/div><div id=\"pgc-18-0-1\"  class=\"panel-grid-cell\" ><div id=\"panel-18-0-1-0\" class=\"so-panel widget widget_sow-editor panel-first-child panel-last-child\" data-index=\"1\" ><div\n\t\t\t\n\t\t\tclass=\"so-widget-sow-editor so-widget-sow-editor-base\"\n\t\t\t\n\t\t>\n<div class=\"siteorigin-widget-tinymce textwidget\">\n\t<h4 class=\"item_title\"><strong>Unsere Sportarten:<\/strong><\/h4>\n<p class=\"item_title\">Fu\u00dfball\u00a0\u00a0\u00a0<a href=\"https:\/\/www.sv-evenkamp.de\/wp-content\/uploads\/2018\/01\/fussball.jpg\"><img loading=\"lazy\" decoding=\"async\" class=\"wp-image-203 alignnone\" src=\"https:\/\/www.sv-evenkamp.de\/wp-content\/uploads\/2018\/01\/fussball-300x300.jpg\" alt=\"\" width=\"20\" height=\"20\" srcset=\"https:\/\/www.sv-evenkamp.de\/wp-content\/uploads\/2018\/01\/fussball-300x300.jpg 300w, https:\/\/www.sv-evenkamp.de\/wp-content\/uploads\/2018\/01\/fussball-150x150.jpg 150w, https:\/\/www.sv-evenkamp.de\/wp-content\/uploads\/2018\/01\/fussball.jpg 338w\" sizes=\"auto, (max-width: 20px) 100vw, 20px\" \/><\/a><\/p>\n<p>Zumba\u00a0\u00a0\u00a0<a href=\"https:\/\/www.sv-evenkamp.de\/wp-content\/uploads\/2018\/01\/zumba-e1516289297844.jpg\"><img loading=\"lazy\" decoding=\"async\" class=\"wp-image-200 alignnone\" src=\"https:\/\/www.sv-evenkamp.de\/wp-content\/uploads\/2018\/01\/zumba-300x300.jpg\" alt=\"\" width=\"20\" height=\"20\" \/><\/a><\/p>\n<\/div>\n<\/div><\/div><\/div><\/div><\/div>","protected":false},"excerpt":{"rendered":"<p>Die Vereinsgeschichte des SV Evenkamp von 1973 e. V. Vor mehr als 70 Anwesenden wurde am 04. November 1973 im Saal Willen in Evenkamp der &#8222;Sportvereins Evenkamp&#8220; gegr\u00fcndet und der 1. Gesch\u00e4ftsf\u00fchrende Vorstand gew\u00e4hlt: Gesch\u00e4ftsf\u00fchrender Vorstand: 1. Vorsitzender: Alwin Willen, Lewinghausen2. Vorsitzender: Josef Thien, EvenkampSchriftf\u00fchrer: Gerd Schnieders, HelmighausenKassenwart: Egon Haustermann, Lewinghausen Erweiterter Vorstand:\u00a0 Hans Fleming,Continue reading &rarr;<\/p>\n","protected":false},"author":1,"featured_media":0,"parent":0,"menu_order":0,"comment_status":"closed","ping_status":"closed","template":"","meta":{"footnotes":""},"class_list":["post-18","page","type-page","status-publish","hentry","no-thumb"],"_links":{"self":[{"href":"https:\/\/www.sv-evenkamp.de\/index.php?rest_route=\/wp\/v2\/pages\/18","targetHints":{"allow":["GET"]}}],"collection":[{"href":"https:\/\/www.sv-evenkamp.de\/index.php?rest_route=\/wp\/v2\/pages"}],"about":[{"href":"https:\/\/www.sv-evenkamp.de\/index.php?rest_route=\/wp\/v2\/types\/page"}],"author":[{"embeddable":true,"href":"https:\/\/www.sv-evenkamp.de\/index.php?rest_route=\/wp\/v2\/users\/1"}],"replies":[{"embeddable":true,"href":"https:\/\/www.sv-evenkamp.de\/index.php?rest_route=%2Fwp%2Fv2%2Fcomments&post=18"}],"version-history":[{"count":30,"href":"https:\/\/www.sv-evenkamp.de\/index.php?rest_route=\/wp\/v2\/pages\/18\/revisions"}],"predecessor-version":[{"id":1705,"href":"https:\/\/www.sv-evenkamp.de\/index.php?rest_route=\/wp\/v2\/pages\/18\/revisions\/1705"}],"wp:attachment":[{"href":"https:\/\/www.sv-evenkamp.de\/index.php?rest_route=%2Fwp%2Fv2%2Fmedia&parent=18"}],"curies":[{"name":"wp","href":"https:\/\/api.w.org\/{rel}","templated":true}]}}

<div id="pl-18"  class="panel-layout" ><div id="pg-18-0"  class="panel-grid panel-no-style" ><div id="pgc-18-0-0"  class="panel-grid-cell" ><div id="panel-18-0-0-0" class="so-panel widget widget_sow-editor panel-first-child panel-last-child" data-index="0" ><div
			
			class="so-widget-sow-editor so-widget-sow-editor-base"
			
		>
<div class="siteorigin-widget-tinymce textwidget">
	<div class="item_header">
<h4 class="item_title"><span style="color: #339966;"><strong> <span class="item_title_part0">Die</span> <span class="item_title_part1">Vereinsgeschichte</span> <span class="item_title_part2">des</span> <span class="item_title_part3">SV</span> <span class="item_title_part4">Evenkamp</span> <span class="item_title_part5">von</span> <span class="item_title_part6">1973</span> <span class="item_title_part7">e.</span> <span class="item_title_part8">V.</span></strong></span></h4>
<p>V<span style="color: #333333; font-family: Tahoma, Helvetica, Arial, sans-serif; font-size: 12.16px; line-height: 1.3em;">or meh</span><span style="color: #333333; font-family: Tahoma, Helvetica, Arial, sans-serif; font-size: 12.16px; line-height: 1.3em;">r </span><span style="color: #333333; font-family: Tahoma, Helvetica, Arial, sans-serif; font-size: 12.16px; line-height: 1.3em;">als 70 Anwesenden wurde a</span><span style="font-size: 12.16px; line-height: 1.3em;">m 04. November 1973 im Saal Willen in Evenkamp der "Sportvereins Evenkamp" gegründet und </span><span style="color: #333333; font-family: Tahoma, Helvetica, Arial, sans-serif; font-size: 12.16px; line-height: 1.3em;">der 1. Geschäftsführende Vorstand gewählt:</span></p>
<p><strong>Geschäftsführender Vorstand:</strong></p>
<p>1. Vorsitzender: Alwin Willen, Lewinghausen<br />2. Vorsitzender: Josef Thien, Evenkamp<br />Schriftführer: Gerd Schnieders, Helmighausen<br />Kassenwart: Egon Haustermann, Lewinghausen</p>
<p><strong>Erweiterter Vorstand: </strong></p>
<p>Hans Fleming, Düenkamp<br />Dieter v.d. Beeke, Werwe<br />Rainer Bremersmann, Augustenfeld<br />Hermann Schulte, Ehren</p>
<p>Am 15. April 1974 hatte der Verein die erste ordnungsgemäße Generalversammlung in der Gastwirtschaft Otto Lübken, Helmighausen. Hierbei wurde diese Gaststätte einstimmig zum Vereinslokal gewählt. Als erster Trainer in der Vereinsgeschichte wurde Alfred Hoffmeyer, Löningen, verpflichtet. Der 1. Vorsitzende Alwin Willen gab auch die ersten zahlenden Mitglieder bekannt, es waren genau 69. Für die Saison 74/75 hatte man zwei Mannschaften angemeldet, eine 1. Herrenmannschaft und eine B-Jugend. Da aber ein eigener Platz noch nicht zur Verfügung stand, wurden die ersten Spiele auf dem Sportplatz in Löningen auszutragen. Als Trainingsplatz stellte Alwin Willen seine Weide in Lewinghausen zur Verfügung. Von den Spielern wurde sie "Wildparkstadion" genannt.</p>
<p>Für Überraschungen sorgten nach Ablauf der Spielzeit 74 / 75 gleich beide Mannschaften. Die 1. Herrenmannschaft schaffte nach Ablauf der Serie den zweiten Tabellenplatz und somit den direkten Aufstieg in die zweite Kreisklasse. Die B-Jugend unter dem Betreuer Josef Wichmann sogar Tabellenerster. Für besondere Fairness auf dem Sportplart wurde die 1. Herrenmannschaft vom Kreissportbund mit dem Fairnesspreis ausgezeichnet.</p>
<p>Da sich nach der ersten erfolgreichen Saison immer mehr Jugendspieler meldeten beschloß der Vorstand für die Saison 75 / 76 auch eine A-Jugend anzumelden, unter dem Betreuer Gustav Joppich. Im Jahre 1975 wurde von Pastor Ahrens der fertiggestellte Sportplatz eingeweiht, wozu zahlreiche Gäste erschienen waren. An diesem großen Tag veranstaltete der Sportverein auch ein großes Pokalturnier, mit einem Zwischenspiel der 1. Herrenmannschaft gegen den Bezirksligaverein VfL Löningen, wobei der VfL mit 6:1 Toren gewann.</p>
<p>Fußballerisch war alles seht gut gelaufen, doch bei der Generalversammlung am 03. Oktober 1975 gab es eine große Enttäuschung, denn der 1. Vorsitzende Alwin Willen wollte nicht mehr kandidieren. Somit wurde Gernd Schnieders einstimmig für dieses Amt gewählt. Alwin Willen blieb aber dem Verein als 2. Vorsitzender treu. Als Schriftführer wurde Josef Willen, Löningen, gewählt und als Kassierer Franz Möller, Düenkamp, für Egon Haustermann.</p>
<p>Da sich der Sportverein im Laufe der Zeit spielerisch und sportlich einen guten Namen gemacht hatte, wurden die Mannschaften von anderen Vereinen zu Pokalturnieren eingeladen. Beim großen Jubiläumspokalturnier 1976 beim SC Winkum wurde die 1. Herrenmannschaft, unter dem neuen Trainer Heinz Telgen aus Borkhorn, sogar Pokalsieger. Ungeschlagen wurde die neugegründete A-Jugend unter Betruer Gustav Joppich klarer Meister und stieg somit in die Leistungsklasse auf. Zusätzlich gab es erneut für die 1. Herrenmannschaft und die A-Jugend für besondere Fairness auf dem Sportplatz vom Kreissportbund den Fairnesspreis.</p>
<p>Für die Saison 76 / 77 wurde zusätzlich eine C-Jugend angemeldet, somit verfügte man über der Verein schon über 4 Mannschaften. Im August 1976 begann man mit dem Ausbau eines zweiten Sportplatzes. Doch bei der Generalversammlung kündigte der 2. Vorsitzende und Mitbegründer Alwin Willen seinen Rücktritt an, was für den Verein ein schwerer Verlust war. Für dieses Amt wählte man Hans Fleming, Düenkamp. Nach der Saison 76/77 konnte man sportlich sehr zufrieden sein, denn alle Mannschaften erreichten einen Platz im oberen Tabellendrittel. Doch für die Saison 77 / 78 musste man wegen Spielermangels die B-Jugend abmelden. Der Höhepunkt war die Eeinweihung des zweiten Sportplatzes im August 1977, wobei sich wieder zahlreiche Zuschauer eingefunden hatten. Für Josef Willen wurde bei der Generalversammlung Klemens Wesselamann als Schriftführer neu gewählt.</p>
<p>1978 musste der Verein zum ersten Mal eine sportliche Niederlage einstecken, denn die A-Jugend stieg von der Leistungsklasse in die Staffel ab. Dies war darauf zurückzuführen, dass man einige Leistungsträger an die erste Herrenmannschaft abgab. Im Dezember 1978 fand in der Großraumsporthalle Löningen ein großes Hallenturnier statt. Unter der Betreuung von Gerd Feldhaus und Gerd Bremersmann schaffte es die erste Herrenmannschaft den begehrten Wanderpokal, gestiftet von der Gemeinde Löningen, zu gewinnen. Dies war für Spieler und Betreuer ein großer Erfolg.</p>
<figure class="pull-left"></figure>
<p><a href="https://www.sv-evenkamp.de/wp-content/uploads/2018/01/pokalhalle.jpg"><img loading="lazy" decoding="async" class="alignleft wp-image-808 size-thumbnail" src="https://www.sv-evenkamp.de/wp-content/uploads/2018/01/pokalhalle-150x150.jpg" alt="" width="150" height="150" /></a>Bei einer Vorstandssitzung im Januar 1979 beschloss man, den alljährlichen Sportlerball nicht mehr zu veranstalten, da zuwenig Besucher kamen. Am 7. und 8. Juli 1979 fand das alljährliche Pokalturnier zum ersten Mal in eigener Regie statt. Es war zwar ein gewagtes Spiel, alles alleine zu betrieben, doch dank vielen freiwilligen Helfern gelang es reibungslos und finanziell war es für den Verein auch ein Plus.</p>
</div>
<div class="item_introtext" style="text-align: center;">
<p style="text-align: left;"> </p>
</div>
</div>
</div></div></div><div id="pgc-18-0-1"  class="panel-grid-cell" ><div id="panel-18-0-1-0" class="so-panel widget widget_sow-editor panel-first-child panel-last-child" data-index="1" ><div
			
			class="so-widget-sow-editor so-widget-sow-editor-base"
			
		>
<div class="siteorigin-widget-tinymce textwidget">
	<h4 class="item_title"><strong>Unsere Sportarten:</strong></h4>
<p class="item_title">Fußball   <a href="https://www.sv-evenkamp.de/wp-content/uploads/2018/01/fussball.jpg"><img loading="lazy" decoding="async" class="wp-image-203 alignnone" src="https://www.sv-evenkamp.de/wp-content/uploads/2018/01/fussball-300x300.jpg" alt="" width="20" height="20" srcset="https://www.sv-evenkamp.de/wp-content/uploads/2018/01/fussball-300x300.jpg 300w, https://www.sv-evenkamp.de/wp-content/uploads/2018/01/fussball-150x150.jpg 150w, https://www.sv-evenkamp.de/wp-content/uploads/2018/01/fussball.jpg 338w" sizes="auto, (max-width: 20px) 100vw, 20px" /></a></p>
<p>Zumba   <a href="https://www.sv-evenkamp.de/wp-content/uploads/2018/01/zumba-e1516289297844.jpg"><img loading="lazy" decoding="async" class="wp-image-200 alignnone" src="https://www.sv-evenkamp.de/wp-content/uploads/2018/01/zumba-300x300.jpg" alt="" width="20" height="20" /></a></p>
</div>
</div></div></div></div></div>

<p>Die Vereinsgeschichte des SV Evenkamp von 1973 e. V. Vor mehr als 70 Anwesenden wurde am 04. November 1973 im Saal Willen in Evenkamp der &#8222;Sportvereins Evenkamp&#8220; gegründet und der 1. Geschäftsführende Vorstand gewählt: Geschäftsführender Vorstand: 1. Vorsitzender: Alwin Willen, Lewinghausen2. Vorsitzender: Josef Thien, EvenkampSchriftführer: Gerd Schnieders, HelmighausenKassenwart: Egon Haustermann, Lewinghausen Erweiterter Vorstand:  Hans Fleming,Continue reading &rarr;</p>
